{"id":25727,"date":"2022-03-28T19:07:10","date_gmt":"2023-05-22T13:39:57","guid":{"rendered":"https:\/\/milremo.com\/products\/bib-tight-cold-weather-windproof\/"},"modified":"2023-05-22T19:28:29","modified_gmt":"2023-05-22T19:28:29","slug":"bib-tight-cold-weather-windproof","status":"publish","type":"product","link":"https:\/\/milremo.com\/de\/produkt\/bib-tight-cold-weather-windproof\/","title":{"rendered":"BIB TIGHT COLD WEATHER WINDPROOF"},"content":{"rendered":"<p>Die Basis f\u00fcr eine erfolgreiche Saison wird im Winter gelegt. Denn das Training in der kalten Jahreszeit ist der Grundstein f\u00fcr die Leistung, die anschlie\u00dfend bei Rennen und Touren im Sommer abgerufen werden kann. Damit winterliche Temperaturen kein Trainingshindernis mehr sind, haben wir unsere COLD WEATHER Bib Tight mit winddichten Bahnen versehen, die optimalen Windschutz bieten. Diese Variante verf\u00fcgt \u00fcber L-f\u00f6rmige Seitenbahnen. Sie sind bedruckbar und reichen bis unter das Knie sowie \u00fcber die gesamte Breite des Beins, sodass eine noch gr\u00f6\u00dfere Fl\u00e4che f\u00fcr Logos oder Grafiken zur Verf\u00fcgung steht.<\/p>\n","protected":false},"excerpt":{"rendered":"<p>Die Basis f\u00fcr eine erfolgreiche Saison wird im Winter gelegt. Denn das Training in der kalten Jahreszeit ist der Grundstein f\u00fcr die Leistung, die anschlie\u00dfend bei Rennen und Touren im Sommer abgerufen werden kann. Damit winterliche Temperaturen kein Trainingshindernis mehr sind, haben wir unsere COLD WEATHER Bib Tight mit winddichten Bahnen versehen, die optimalen Windschutz [&hellip;]<\/p>\n","protected":false},"featured_media":24263,"template":"","meta":{"_acf_changed":false,"_seopress_robots_primary_cat":"none","_seopress_titles_title":"","_seopress_titles_desc":"","_seopress_robots_index":""},"product_brand":[],"product_cat":[700,698],"product_tag":[],"class_list":{"0":"post-25727","1":"product","2":"type-product","3":"status-publish","4":"has-post-thumbnail","6":"product_cat-road-de","7":"product_cat-tights-de","8":"pa_gender-herren","10":"first","11":"instock","12":"purchasable","13":"product-type-simple"},"acf":[],"_links":{"self":[{"href":"https:\/\/milremo.com\/de\/wp-json\/wp\/v2\/product\/25727","targetHints":{"allow":["GET"]}}],"collection":[{"href":"https:\/\/milremo.com\/de\/wp-json\/wp\/v2\/product"}],"about":[{"href":"https:\/\/milremo.com\/de\/wp-json\/wp\/v2\/types\/product"}],"wp:featuredmedia":[{"embeddable":true,"href":"https:\/\/milremo.com\/de\/wp-json\/wp\/v2\/media\/24263"}],"wp:attachment":[{"href":"https:\/\/milremo.com\/de\/wp-json\/wp\/v2\/media?parent=25727"}],"wp:term":[{"taxonomy":"product_brand","embeddable":true,"href":"https:\/\/milremo.com\/de\/wp-json\/wp\/v2\/product_brand?post=25727"},{"taxonomy":"product_cat","embeddable":true,"href":"https:\/\/milremo.com\/de\/wp-json\/wp\/v2\/product_cat?post=25727"},{"taxonomy":"product_tag","embeddable":true,"href":"https:\/\/milremo.com\/de\/wp-json\/wp\/v2\/product_tag?post=25727"}],"curies":[{"name":"wp","href":"https:\/\/api.w.org\/{rel}","templated":true}]}}

<p>Die Basis für eine erfolgreiche Saison wird im Winter gelegt. Denn das Training in der kalten Jahreszeit ist der Grundstein für die Leistung, die anschließend bei Rennen und Touren im Sommer abgerufen werden kann. Damit winterliche Temperaturen kein Trainingshindernis mehr sind, haben wir unsere COLD WEATHER Bib Tight mit winddichten Bahnen versehen, die optimalen Windschutz bieten. Diese Variante verfügt über L-förmige Seitenbahnen. Sie sind bedruckbar und reichen bis unter das Knie sowie über die gesamte Breite des Beins, sodass eine noch größere Fläche für Logos oder Grafiken zur Verfügung steht.</p>

<p>Die Basis für eine erfolgreiche Saison wird im Winter gelegt. Denn das Training in der kalten Jahreszeit ist der Grundstein für die Leistung, die anschließend bei Rennen und Touren im Sommer abgerufen werden kann. Damit winterliche Temperaturen kein Trainingshindernis mehr sind, haben wir unsere COLD WEATHER Bib Tight mit winddichten Bahnen versehen, die optimalen Windschutz [&hellip;]</p>
